{"id":353,"date":"2015-12-21T16:43:50","date_gmt":"2015-12-21T15:43:50","guid":{"rendered":"http:\/\/classic-motorcycles-belgium.be\/?page_id=353"},"modified":"2019-04-03T12:06:20","modified_gmt":"2019-04-03T11:06:20","slug":"mot-du-president","status":"publish","type":"page","link":"http:\/\/classic-motorcycles-belgium.be\/?page_id=353","title":{"rendered":"Mot du Pr\u00e9sident"},"content":{"rendered":"<h1><em><strong>Le petit mot du Pr\u00e9sident. avril 2019<\/strong><\/em><\/h1>\n<p><strong>\u00a0\u00bb ON THE ROAD AGAIN \u00ab\u00a0, avec ma plume.<\/strong><br \/>\nApr\u00e8s avoir chang\u00e9 le moteur de la BMW\/2 bitza, \u00e0 cause d&rsquo;un violent, m\u00e9chant et brutal serrage \u00e0 100km\/h sur la N4 (il y a 1an), voil\u00e0 quel&rsquo;interrupteur claxon\/phare c&rsquo;est mis \u00e0 cr\u00e2mer, vite tout couper avant que tout ne br\u00fble, et aller chez Rudy pour un bon interrrupteur et r\u00e9parer ceci.<br \/>\nGuy Sinclair (qui est en train de remplacer le condensateur (Harley) de son Adler avec l&rsquo;oeil averti de Jacques Bastiaens) me dit l\u00e0-dessus \u00ab\u00a0mais t&rsquo;as que des soucis avec ta BM !!!\u00a0\u00bb&#8230;.mais non, mais non, \u00e7a fait 20 ans que j&rsquo;ai cette BM sans soucis, donc \u00e7a va quoi&#8230;<br \/>\nJacques et moi sommes all\u00e9s ce samedi, en m\u00e9tro par souci pratique et non \u00e9cologique, \u00e0 l&rsquo;assembl\u00e9e g\u00e9n\u00e9rale de la F\u00e9d\u00e9ration Belge des V\u00e9hicules Anciens \u00e0 Autoworld pour repr\u00e9senter notre club et nous y avons retrouv\u00e9 Philippe Godin et Luk Ryckaert.<br \/>\nNous y avons entendu, et nous le savions, que nous allons vers une p\u00e9riode difficile, m\u00eame Theo du MAG (Motorcycles Association Group) en parlait dans son \u00e9dito en disant ce que Bob Dylan chantait en &rsquo;64 \u00ab\u00a0the times are a-changing\u00a0\u00bb !!!<br \/>\nQuand on pense que les motos sont interdites \u00e0 la circulation \u00e0 Madrid et \u00e0 Barcelone, sachant que les motos sont le meilleur moyen de transport dans les villes, pour r\u00e9duire le nombre de bagnoles, faut se demander o\u00f9 cela s&rsquo;arr\u00eatera&#8230;<br \/>\nConfirm\u00e9 par Peeter HENNING, ceo de la FBVA, et par le pr\u00e9sident de la FBVA, qui \u00e9galement a r\u00e9p\u00e9t\u00e9 notre devise nationale \u00ab\u00a0l&rsquo;union fait la force\u00a0\u00bb, eh bien, nous devons faire un effort dans ce sens, c&rsquo;est la politique en Belgique qui d\u00e9truit, d\u00e9sagr\u00e8ge ce que nous construisons.<br \/>\nNos politiciens ont des attitudes inappropri\u00e9es avec le LEZ (low emission zone), des contr\u00f4les techniques pour voitures en fonction de&#8230;, des soucis au sujet de la technologie actuelle (sans penser aux motos \u00e9lectriques qui ont pris feu), un engouement qui force les jeunes \u00e0 aller vers la nouvelle technologie et les d\u00e9sinteresser des v\u00e9hicules anciens, soi-disant plus polluants, alors qu&rsquo;un cargo charg\u00e9 de milliers de tonnes de fuel et deux mille voitures vient de sombrer \u00e0 quelques centaines de kilom\u00e8tres de la c\u00f4te fran\u00e7aise!!!! De qui se moque-t-on?<br \/>\nNous avons 3 Ministres de la mobilit\u00e9e, pourquoi 3 ??? Pour en revenir \u00e0 la famille royale, il n&rsquo;y en a pas un qui a le cran de dire \u00e0 nos minstres en costume de pinguin d&rsquo;arr\u00eater leurs d\u00e9crets, arr\u00eat\u00e9s, prises de position, r\u00e9gionalisation etc aussi stupides qu&rsquo;incoh\u00e9rents, et d&rsquo;aller vers la coh\u00e9rence universelle!!!<br \/>\nAlors que je suis en train d&rsquo;\u00e9crire, dans mon jardin, j&rsquo;ai une tortue qui vient de montrer le bout de son nez, vu que le dieu soleil vient nous donner la chaleur dont nous avons besoin. J&rsquo;ai bien envie de peindre un gillet jaune sur le dos de ma tortue&#8230;. Bon, j&rsquo;arr\u00eate de r\u00e2ler et vais profiter du bon temps, r\u00e9parer ma b\u00e9cane et vous accompagner aux concentres, bourses et rallies.<br \/>\nBonne route et soyez prudents.<\/p>\n<p>&nbsp;<\/p>\n<p style=\"text-align: right;\"><strong>Dany Faict,<\/strong><\/p>\n<p style=\"text-align: right;\"><strong>Pr\u00e9sident.<\/strong><\/p>\n","protected":false},"excerpt":{"rendered":"<p>Le petit mot du Pr\u00e9sident. avril 2019 \u00a0\u00bb ON THE ROAD AGAIN \u00ab\u00a0, avec ma plume. Apr\u00e8s avoir chang\u00e9 le moteur de la BMW\/2 bitza, \u00e0 cause d&rsquo;un violent, m\u00e9chant et brutal serrage \u00e0 100km\/h sur la N4 (il y a 1an), voil\u00e0 quel&rsquo;interrupteur claxon\/phare c&rsquo;est mis \u00e0 cr\u00e2mer, vite tout couper avant que tout [&hellip;]<\/p>\n","protected":false},"author":4,"featured_media":0,"parent":17,"menu_order":0,"comment_status":"closed","ping_status":"closed","template":"","meta":[],"_links":{"self":[{"href":"http:\/\/classic-motorcycles-belgium.be\/index.php?rest_route=\/wp\/v2\/pages\/353"}],"collection":[{"href":"http:\/\/classic-motorcycles-belgium.be\/index.php?rest_route=\/wp\/v2\/pages"}],"about":[{"href":"http:\/\/classic-motorcycles-belgium.be\/index.php?rest_route=\/wp\/v2\/types\/page"}],"author":[{"embeddable":true,"href":"http:\/\/classic-motorcycles-belgium.be\/index.php?rest_route=\/wp\/v2\/users\/4"}],"replies":[{"embeddable":true,"href":"http:\/\/classic-motorcycles-belgium.be\/index.php?rest_route=%2Fwp%2Fv2%2Fcomments&post=353"}],"version-history":[{"count":18,"href":"http:\/\/classic-motorcycles-belgium.be\/index.php?rest_route=\/wp\/v2\/pages\/353\/revisions"}],"predecessor-version":[{"id":609,"href":"http:\/\/classic-motorcycles-belgium.be\/index.php?rest_route=\/wp\/v2\/pages\/353\/revisions\/609"}],"up":[{"embeddable":true,"href":"http:\/\/classic-motorcycles-belgium.be\/index.php?rest_route=\/wp\/v2\/pages\/17"}],"wp:attachment":[{"href":"http:\/\/classic-motorcycles-belgium.be\/index.php?rest_route=%2Fwp%2Fv2%2Fmedia&parent=353"}],"curies":[{"name":"wp","href":"https:\/\/api.w.org\/{rel}","templated":true}]}}